. Calculate the remainder when z is divided by 18.
14
Let k = -2863 - -3463. What is the remainder when 3011 is divided by k?
11
Let b = -25 - -25. Suppose -2*s + 58 + 82 = b. Calculate the remainder when (1 + 4/(-20))*s is divided by 12.
8
Suppose -23 = 3*o - 17, -4*r - 5*o = -142. Suppose -r*v = 2*v - 200. Calculate the remainder when 57 is divided by v.
2
Let h = -14945 - -16540. Calculate the remainder when h is divided by 76.
75
Let o = 180 + -128. Let k = 39 - o. Let r = k + 36. What is the remainder when r is divided by 8?
7
Suppose g - 191 = n + n, -5*n = 25. Suppose g + 89 = 15*x. Calculate the remainder when x is divided by 10.
8
Calculate the remainder when 187 is divided by ((3 - 126/12)/6)/((-1)/56).
47
Let i = 1616 + -1631. Let g(h) = -h**2 - 15*h + 4. Suppose 3*k - 45 + 12 = 0. Calculate the remainder when k is divided by g(i).
3
Let f(a) = -27*a - 1712. What is the remainder when 55 is divided by f(-64)?
7
Let b be 0/1 + 0 - -3. Let i(g) = g**3 + 3*g**2 - 3*g. Let r be i(b). Let n = 72 - r. Calculate the remainder when n is divided by 6.
3
Let v be ((-58)/(-5) - 12/(-30)) + 1. Suppose 4*y = -0*y + g + v, 5*y - 4*g = 19. Calculate the remainder when 35 is divided by y.
2
Let n(a) = a**2 + 3*a + 8. Let r be n(-6). Suppose -5*t + r = 3*s - 35, 0 = 4*t - 2*s - 62. Let g = 73 + -21. What is the remainder when g is divided by t?
10
Suppose -3*d - 65 = -2*v, 53*d - 51*d = -2*v + 60. Calculate the remainder when 2826 is divided by v.
5
Let j(a) = a**3 - 21*a**2 + 21*a - 19. Let d be j(20). Let q(c) = 17*c**2 - c + 4. Calculate the remainder when 56 is divided by q(d).
16
Calculate the remainder when -2 + 5*784 + 8 + 36/(-36) is divided by 77.
75
Let s = 3294 + -3288. Calculate the remainder when 610 is divided by s.
4
Suppose 0 = -4*b + 4*g + 252, -2*b - 17*g + 114 = -16*g. What is the remainder when b is divided by 58?
1
Suppose 6671 = -21*o + 12152. What is the remainder when o is divided by 131?
130
Calculate the remainder when 50 is divided by 4*((-4)/(-6))/((-61)/(-1098)).
2
Suppose 728 = 96*i - 424. What is the remainder when 1990 is divided by i?
10
Let d = -234 - -251. Suppose -d*a = -422 - 377. Calculate the remainder when a is divided by 19.
9
Let i(p) = -p**3 + 56*p**2 + 56*p + 76. What is the remainder when 206 is divided by i(57)?
16
Let a(q) = 2*q**3 - 47*q**2 + 21*q + 51. Let f be a(23). Suppose -26 = -o - s + 6*s, 78 = f*o + s. What is the remainder when 39 is divided by o?
7
Let l be (1/4)/(6/264). What is the remainder when 94 is divided by 19 + (l/(-5) - (-8)/40)?
9
Let x = -6495 + 6554. What is the remainder when 77 is divided by x?
18
Let f(z) = 11*z + 28. Let y be 3*(-4)/24 + (-38)/4. Let w be f(y). Let k = w - -107. Calculate the remainder when k is divided by 15.
10
Suppose -463 - 309 = -19*m - 164. What is the remainder when 74 is divided by m?
10
Let a = 2018 + -1767. What is the remainder when a is divided by 61?
7
Suppose -3*b = 236 - 713. Let u = -187 - -109. Let f = b + u. What is the remainder when f is divided by 21?
18
Let p(z) = -3*z - 12. Let r be p(-9). Suppose r*m - 225 = -30. What is the remainder when 50 is divided by m?
11
Suppose -425*b = -430*b - 5*m + 9465, -5*m = -3*b + 5631. Calculate the remainder when b is divided by 22.
17
Suppose 2*w = 3*q - 0*q + 4, 4*w + 2*q + 8 = 0. Let t be w/(0 - (-3)/3) + 1. Suppose t = -l + 91 + 8. Calculate the remainder when l is divided by 25.
24
Let p(d) = d**3 + 81*d**2 + 129*d - 165. What is the remainder when p(-79) is divided by 34?
18
Suppose 6*f = 7*f + l - 3, 3*f + 26 = 4*l. Calculate the remainder when 77 is divided by (f + 1 - -1) + 47.
30
Suppose -293 = -10*i - 93. Suppose 19*v + 1222 = 32*v. What is the remainder when v is divided by i?
14
Let k(d) = -5*d - 82. Let o(m) = 9*m + 163. Let v(n) = -7*k(n) - 3*o(n). What is the remainder when v(22) is divided by 12?
9
Suppose 0 = 4*s + t + 60, 0*s + 64 = -4*s - 2*t. Let r(y) = -6*y - 34. Let f be r(s). Suppose 13*z = 8*z + f. What is the remainder when 99 is divided by z?
9
Suppose 3*s = s - 20. Let q be s/(-65) - (-54)/(-13) - -11. What is the remainder when (q - 8)/((-1)/219) is divided by 37?
34
Suppose 17*z = 22*z + 2*g - 3783, 4 = g. What is the remainder when z is divided by 153?
143
Let r = 142 + -114. Suppose 2*k = 4*u, 4*k - r = -3*u - 6. Calculate the remainder when k is divided by 1.
0
Let a(l) = 3*l - 2. Calculate the remainder when ((-10)/3)/((903/378)/(-43)) is divided by a(6).
12
Suppose 3*c - 73 = w, 12*w - 9*w = -c + 31. Let a(k) = 16*k**2 + 5 + 2*k - 3*k + 6 - 9. What is the remainder when c is divided by a(1)?
8
Let l = -4842 + 13679. What is the remainder when l is divided by 20?
17
Let d be (-18)/3 + 120/20. Suppose d = 3*a + 2*r - 379, 0 = 3*a + 5*r - 296 - 98. Calculate the remainder when a is divided by 21.
18
Suppose 57*m - 1053 = 18*m. Suppose 21 = -2*b + m. What is the remainder when 16 is divided by b?
1
Suppose 241 = 4*y + 21. Calculate the remainder when y is divided by 12/(-90) - (-244)/30.
7
Suppose -2*m + 701 = 5*j, 0 = 4074*j - 4069*j - 2*m - 729. Suppose -136 = -5*c + c. Let r = -16 + c. Calculate the remainder when j is divided by r.
17
Let a = 53 - -138. Suppose a - 51 = j. What is the remainder when j is divided by 47?
46
Let g = 5487 + -5469. Suppose 2*u = 2*n - 7*n - 4, 0 = -4*n + u - 11. Calculate the remainder when (n/(-6))/((-1)/(-261)) is divided by g.
15
Let a(j) = 4*j**2 - 88*j + 11. Let t be a(17). Let n = -202 - t. What is the remainder when n is divided by 44?
39
Let q = 19914 + -17662. Calculate the remainder when q is divided by 5.
2
Calculate the remainder when ((-2)/4)/(339/226) - (-15974)/6 is divided by 21.
16
Suppose 0 = 4*l + h - 427, h + 536 = 10*l - 5*l. Suppose -2*s + 2*c = -68, -6*s - l = -9*s + 4*c. Let a = 39 - 28. What is the remainder when s is divided by a?
7
Let c be 16 - 2 - 1*(-2)/(-1). Let w be (-5)/(-20) - (-93)/c. Suppose 1940 = 2*r + w*r. Calculate the remainder when r is divided by 39.
38
Let i be ((-4)/3)/((-2)/660*-5). Let d = i + 112. Calculate the remainder when 47 is divided by d.
23
Suppose 7*t - 6*t = -m + 18, 2*m = 3*t - 54. Calculate the remainder when 1083 is divided by t.
3
Suppose 57*c = 55*c + 5*a + 1558, 2319 = 3*c - 3*a. Calculate the remainder when c is divided by 37.
29
Let j = 29 + -2. Suppose 2*b + 2*l - 12 = 0, 170 = -3*b - 2*l + 190. Calculate the remainder when j is divided by b.
3
Let b be (-21)/(-5) + (-1)/5. Suppose -b*g - 116 = -4*q, 4*q = g - 4*g + 151. Calculate the remainder when q is divided by 1.
0
Suppose -5*b - 2*o = -23, 4*b - 2*b = 2*o - 2. Suppose -131 = -b*h + 112. Calculate the remainder when h is divided by (-62)/(-4) + (-9)/(-6).
13
Let l(o) = o**3 + 31*o**2 - 36*o + 55. Let b be -3*(2 + 10) - (-50 + 46). Calculate the remainder when l(b) is divided by 62.
59
Calculate the remainder when 2830 is divided by (-31003)/206*12/(-14).
121
Suppose 654*z = 418*z + 4956. Suppose -3*h + 3*c = -45, 11*c - 42 = -4*h + 6*c. Calculate the remainder when z is divided by h.
8
Suppose 2921*d - 1465*d - 901 = 1439*d. Calculate the remainder when 476 is divided by d.
52
Suppose 2481*s = 113407 - 41458. Let r(j) = j + 55. Calculate the remainder when r(0) is divided by s.
26
Let k be 2/4*-4 + 3 + 24. Suppose 5*l - k = 15. Calculate the remainder when 270 is divided by l.
6
Let b(k) = 5*k**2 - 17*k + 1. Let u be b(4). Suppose -226 - 8 = -u*c. What is the remainder when 105 is divided by c?
15
Suppose 0 = -36*j + 41*j - h - 2121, 4*j - 5*h = 1722. What is the remainder when j is divided by 215?
208
Suppose -407 = -4*h + 2457. Suppose -h + 106 = -5*i. What is the remainder when i is divided by 62?
60
Suppose -35 = -5*s, 5*s - 492 = -4*p + 467. What is the remainder when 6463 is divided by p?
226
Let g(f) = -94*f - 651. Let c be ((-39)/9)/((-1)/(-6)). Let k = -12 - c. What is the remainder when k is divided by g(-7)?
0
Suppose -35*t + 1093 = -668 - 164. Calculate the remainder when 1373 is divided by t.
53
Let y = -117 + 119. Suppose 0 = 4*r + r + 2*s - 129, -y*r - s = -51. Calculate the remainder when 78 is divided by r.
24
Suppose 3*s = -5*u + u + 167, -5*s = 4*u - 273. Let k = s + -19. Calculate the remainder when k is divided by 12.
10
Let p(z) = -3*z**2 - 61*z + 1. Suppose 5*n = -7*n - 240. What is the rem